on divisor of o and 525?
15
Suppose 3*k = 0, 9*k - 7*k - 140 = -2*i. Let u(s) = 13*s + 15. Let v be u(15). Calculate the greatest common factor of i and v.
70
Let w be (55 - (0 - 2)) + -4. Suppose f - 676 = -3*f. Let o = f - 116. Calculate the greatest common factor of o and w.
53
Let d = -3439 + 3475. Calculate the highest common divisor of 516 and d.
12
Suppose 52*f - 279 = 43*f. Let g be (-111)/(-1) + -25 + f. What is the greatest common factor of 13 and g?
13
Let r(d) = 12*d**2 + 99*d - 1231. Let a be r(11). What is the greatest common divisor of a and 30?
10
Suppose -d - 4*i = -13 - 6, -3*i = -3*d - 3. Let c be 588/(-70)*(-2)/d*5. What is the greatest common divisor of 8 and c?
4
Let m be ((-490)/42 - -12)/((-1)/(-1224)). Calculate the greatest common factor of m and 432.
24
Let r(k) = -4*k**2 + 41*k - 57. Let a be r(8). Let l = -40 - -265. Suppose -2*g - 3*g + l = 0. What is the highest common factor of a and g?
15
Suppose 0 = -27*l + 15*l + 84. Suppose 458 + 298 = f. Let i be f/(-8)*(-2)/3. Calculate the highest common factor of i and l.
7
Let a(f) = -571*f - 9603. Let l be a(-17). Calculate the highest common divisor of 1846 and l.
26
Let x = 0 + 53. Suppose -20*j = -27 - x. Suppose -j*v = -3*t + 551, -310 = 4*t - 2*v - 1058. What is the greatest common factor of 21 and t?
21
Let x(a) be the second derivative of 13/12*a**4 - 3/2*a**3 + 1/2*a**2 + 0 - 8*a - 1/20*a**5. Let u be x(12). Calculate the highest common divisor of u and 74.
37
Let r be 8/((-127688)/7986 + 16). Let h = -237 + 369. Calculate the highest common divisor of r and h.
66
Let i(g) = 18*g + 190. Let o be i(12). Let t = -172 + o. What is the greatest common factor of t and 18?
18
Let i = 31384 + -30653. Calculate the greatest common factor of 1376 and i.
43
Let h be 9/(-3) + 99*3. Let k be 33*24/120*230/6 + -8. What is the highest common divisor of k and h?
49
Let j(c) = c**2 - 7. Let q be j(-3). Suppose 19 = -q*h + 11. Let v be ((-693)/44)/(1/h). Calculate the highest common factor of v and 7.
7
Suppose -3*v - 804 = g - 6*g, -4*g + 5*v + 651 = 0. Let q = g + 416. What is the greatest common divisor of q and 23?
23
Suppose 5*o = -0*b - 3*b + 516, -3*o + 321 = -2*b. Suppose 2*a = a + 50. Let p = a - 29. What is the highest common divisor of o and p?
21
Let s be (-1)/1 - (0 + -61). Suppose 0 = 7*q - 1720 + 398 - 526. What is the greatest common divisor of q and s?
12
Let n(z) = -11*z - z**3 + 23*z**2 - 13 + z + 18 + 11. Let j be n(22). What is the greatest common factor of j and 80?
40
Suppose -527 = -a - y + 3*y, y = -4*a + 2117. Let k(i) = 5*i**2 + 22*i + 67. Let z be k(-3). What is the greatest common divisor of a and z?
23
Let y be 2/1*165/10 + 1. Let g be 2771/y + (-1)/(-2). Suppose 16 = -4*r, -4*k + 3*r = k - g. Calculate the highest common factor of k and 42.
14
Let o(c) = -c**3 + 19*c**2 + 21*c. Let n be o(20). Let m be (-2 + n)*10/4. Let j = m + -12. Calculate the highest common factor of 198 and j.
33
Suppose 8*a - 8022 - 4532 = 8662. What is the greatest common divisor of a and 12?
12
Let t be (-127)/(-5 - (3 - 9)). Let d = -11 - t. Calculate the greatest common factor of d and 29.
29
Suppose -4*c = -148 - 4. Let h = -23 + c. Let i be (0 + 7)*(h + -5). What is the greatest common divisor of 14 and i?
14
Let y be (-1048)/(-2) + 3 + 49/(-7). What is the greatest common factor of 360 and y?
40
Let l(f) = -3*f**3 + 5*f**2 - 17*f + 75. Let i be l(-7). Calculate the highest common factor of 8 and i.
4
Let j be ((-3)/(-6))/(5/(-60)). Let p be (-4 - (-39)/9) + (-418)/j. Calculate the greatest common divisor of p and 420.
70
Suppose -10*d + 11*d + 336 = 0. Let o = -192 - d. Calculate the highest common divisor of 54 and o.
18
Suppose -3*f = -f - 5*u - 85, 5*f + u = 253. Calculate the highest common factor of 200 and f.
50
Suppose 5*u - 237 = 2*u. Let r = u - -11. Let d = 41597 - 41567. Calculate the greatest common factor of d and r.
30
Let w = -1755 + 1790. Calculate the highest common divisor of w and 441.
7
Suppose -171*f - 159*f + 349*f - 466488 = 0. What is the highest common factor of 66 and f?
66
Suppose 0 = -104*l + 16*l - 146*l + 312858. What is the greatest common factor of l and 21?
7
Suppose 2*f + 2*f - 21903 = -3*s, 0 = -2*f. Calculate the greatest common divisor of 149 and s.
149
Let k = 17 - -5. Suppose -31*f = -k*f - 315. Calculate the greatest common factor of f and 175.
35
Let z(n) = -n**2 + 10 + 3*n + 2*n**2 - 2*n + 3*n. Let o be z(-4). Suppose -189 = -2*g + 131. What is the highest common divisor of g and o?
10
Suppose -3*g + 22*g + 9*g - 44492 = 0. What is the highest common divisor of 227 and g?
227
Suppose -3*u + 11 + 22 = 0, 2913 = 3*t + 1950*u - 1947*u. Let l(g) = -g**3 + 6*g**2 + 4*g - 8. Let h be l(6). Calculate the greatest common factor of h and t.
16
Suppose 16*u - 21*u + 255 = 0. Suppose v = d - 27, 2*d - 3*v + 7 = 61. Let j = u - d. Calculate the greatest common factor of 192 and j.
24
Let l = -6090 + 6726. Calculate the highest common divisor of l and 84.
12
Let d be (-3 + 31801)/(5 + 1) + 22/66. What is the greatest common factor of 2756 and d?
212
Suppose -41*y - 73*y = -5*y - 4578. What is the greatest common factor of y and 5649?
21
Let m = -2496 + 2587. What is the greatest common factor of m and 2093?
91
Suppose 0 = -2*f - 1 + 7, -5*u + f + 7 = 0. Suppose u*r - 60 = -0*r. What is the highest common divisor of 24 and r?
6
Suppose -46*o + 3009890 = 30*o - 11*o. Calculate the highest common divisor of o and 338.
338
Let r = -17221 - -17224. Let l(j) = j**2 + 1. Let i be l(-1). Suppose 0*m = -5*m + u + i, 6 = 2*u. Calculate the highest common divisor of m and r.
1
Let f be (-6)/8 - 2385/(-12). Let g be (-6)/(-12) - (-1581)/6. What is the greatest common factor of f and g?
66
Suppose 0 = -2818*y + 2781*y + 457616. What is the highest common divisor of 16 and y?
16
Suppose 72 = -8*x + 20*x. Suppose 64 = -x*v + 10*v. What is the highest common factor of v and 8?
8
Suppose 3522*f = 3489*f + 8085. Calculate the greatest common divisor of 35 and f.
35
Suppose 2*o = -0*o + 150. Suppose -2*x = 5*m + 37 + 44, -4*x + 2*m - 198 = 0. Let u = x + o. What is the greatest common factor of 3 and u?
3
Let m(j) = 16*j**2 - 5*j - 2. Let z be m(4). Let x = 191 - 106. Suppose -33 + x = 2*f. Calculate the greatest common factor of f and z.
26
Let q be ((-4)/(-12))/((1/9)/1). Let f = -6 + 3. Let n be -21*(2 + f - 0). What is the greatest common divisor of n and q?
3
Let y(c) = c**2 + 10*c - 11. Let m be y(-12). Suppose -8*q = -37 + m. Suppose -b + 5*a = -10, -q*a = b - a - 45. What is the highest common divisor of b and 10?
5
Let b(d) = -2*d**2 + 15*d + 1. Let w be b(7). Let j(n) = -18*n + 33 + w*n + 8*n. Let r be j(11). Calculate the highest common divisor of r and 55.
11
Let a = -5119 + 5116. Let m(l) = 0*l**3 - 6*l**2 - 2*l**3 - 2 + 4 - 6*l. Let r be m(a). Calculate the greatest common factor of r and 5.
5
Suppose -141*f + 139*f - 4*b + 160 = 0, f + 5*b = 86. Calculate the greatest common factor of 2394 and f.
38
Suppose 6*i - i = o + 49, 2*o = i - 17. Let v(p) = 16*p**2 + 61*p**2 - 5*p**2. Let a be v(-1). Calculate the greatest common factor of i and a.
9
Suppose -12*k - 3981 + 37809 = 0. Suppose -734 = -11*u + k. What is the highest common divisor of u and 34?
17
Let q be (-9)/(27/(-465))*(-24)/(-10). Let h be (q/9)/((-28)/(-63)). What is the greatest common factor of 341 and h?
31
Let v be 2 + (-9)/(-3) + -3. Suppose -v*a + 281 = 31. Let m = a + -62. Calculate the greatest common factor of m and 7.
7
Let s = 17252 - 16054. Calculate the highest common factor of s and 2.
2
Let n(f) be the second derivative of -3*f**3/2 - f**2/2 + 24*f. Let v be n(-1). Suppose -3*g = -v - 25. Calculate the greatest common factor of g and 22.
11
Let t(y) = 55*y - 6592. Let a be t(122). Calculate the highest common divisor of 767 and a.
59
Let r be (3/(-4))/((-2)/48). Let i be (16/48)/((-3)/(-270)). Suppose -2*q - 19*u + i = -16*u, 26 = 2*q + 2*u. Calculate the greatest common divisor of q and r.
9
Suppose -11*d - 644 = -7*d + 4*l, -5*d + 4*l - 760 = 0. Let r = -26 - d. Calculate the greatest common divisor of 2 and r.
2
Suppose n = 3*c - 2*n - 66, 0 = -9*c + 4*n + 193. What is the greatest common factor of 3129 and c?
21
Suppose -140*d = -231*d + 325416. Calculate the